ndreds digit of 51187?
1
What is the tens digit of 4856?
5
What is the thousands digit of 46958?
6
What is the tens digit of 469?
6
What is the hundreds digit of 8236?
2
What is the hundreds digit of 18445?
4
What is the tens digit of 6192?
9
What is the hundreds digit of 95223?
2
What is the hundreds digit of 768?
7
What is the tens digit of 4412?
1
What is the thousands digit of 87002?
7
What is the ten thousands digit of 12633?
1
What is the units digit of 5307?
7
What is the tens digit of 465?
6
What is the thousands digit of 2066?
2
What is the tens digit of 17510?
1
What is the units digit of 7579?
9
What is the units digit of 1035?
5
What is the ten thousands digit of 48851?
4
What is the tens digit of 33800?
0
What is the hundreds digit of 12473?
4
What is the ten thousands digit of 22417?
2
What is the units digit of 12458?
8
What is the thousands digit of 27187?
7
What is the hundreds digit of 304?
3
What is the tens digit of 1156?
5
What is the thousands digit of 9572?
9
What is the units digit of 5047?
7
What is the units digit of 2632?
2
What is the tens digit of 12114?
1
What is the tens digit of 11981?
8
What is the tens digit of 975?
7
What is the units digit of 695?
5
What is the thousands digit of 4763?
4
What is the thousands digit of 20034?
0
What is the units digit of 122884?
4
What is the tens digit of 54536?
3
What is the thousands digit of 10660?
0
What is the tens digit of 1647?
4
What is the thousands digit of 3240?
3
What is the units digit of 1910?
0
What is the thousands digit of 49702?
9
What is the hundreds digit of 191?
1
What is the tens digit of 6155?
5
What is the tens digit of 14084?
8
What is the tens digit of 10440?
4
What is the thousands digit of 3388?
3
What is the hundreds digit of 2008?
0
What is the units digit of 780?
0
What is the tens digit of 68680?
8
What is the units digit of 11953?
3
What is the tens digit of 7277?
7
What is the tens digit of 2353?
5
What is the units digit of 7818?
8
What is the thousands digit of 1301?
1
What is the hundreds digit of 14146?
1
What is the tens digit of 2221?
2
What is the hundreds digit of 496?
4
What is the thousands digit of 98047?
8
What is the hundreds digit of 5627?
6
What is the hundreds digit of 2048?
0
What is the units digit of 19708?
8
What is the hundreds digit of 17740?
7
What is the ten thousands digit of 11900?
1
What is the units digit of 5609?
9
What is the units digit of 1828?
8
What is the hundreds digit of 4351?
3
What is the thousands digit of 83497?
3
What is the tens digit of 1826?
2
What is the thousands digit of 5190?
5
What is the tens digit of 11073?
7
What is the tens digit of 1378?
7
What is the tens digit of 619?
1
What is the units digit of 787?
7
What is the tens digit of 2490?
9
What is the tens digit of 603?
0
What is the tens digit of 106888?
8
What is the ten thousands digit of 19679?
1
What is the hundred thousands digit of 175038?
1
What is the hundreds digit of 2616?
6
What is the tens digit of 2795?
9
What is the tens digit of 139?
3
What is the units digit of 62?
2
What is the hundred thousands digit of 111591?
1
What is the thousands digit of 7521?
7
What is the units digit of 3986?
6
What is the thousands digit of 3293?
3
What is the ten thousands digit of 33038?
3
What is the units digit of 4499?
9
What is the ten thousands digit of 22510?
2
What is the hundreds digit of 126596?
5
What is the tens digit of 218?
1
What is the tens digit of 5367?
6
What is the tens digit of 33409?
0
What is the hundreds digit of 11352?
3
What is the ten thousands digit of 67069?
6
What is the thousands digit of 10692?
0
What is the units digit of 29889?
9
What is the units digit of 812?
2
What is the tens digit of 2648?
4
What is the units digit of 49869?
9
What is the ten thousands digit of 16788?
1
What is the tens digit of 5488?
8
What is the hundreds digit of 152?
1
What is the hundreds digit of 8163?
1
What is the thousands digit of 23273?
3
What is the tens digit of 44406?
0
What is the tens digit of 6099?
9
What is the units digit of 413?
3
What is the tens digit of 1251?
5
What is the tens digit of 2417?
1
What is the units digit of 2789?
9
What is the tens digit of 2520?
2
What is the ten thousands digit of 91544?
9
What is the hundreds digit of 35313?
3
What is the hundreds digit of 12364?
3
What is the tens digit of 2467?
6
What is the units digit of 5339?
9
What is the tens digit of 1985?
8
What is the tens digit of 1762?
6
What is the tens digit of 78762?
6
What is the thousands digit of 4503?
4
What is the hundreds digit of 2597?
5
What is the ten thousands digit of 21039?
2
What is the hundreds digit of 568?
5
What is the thousands digit of 7319?
7
What is the hundreds digit of 1619?
6
What is the hundreds digit of 200?
2
What is the tens digit of 5027?
2
What is the ten thousands digit of 10638?
1
What is the ten thousands digit of 49552?
4
What is the hundreds digit of 6715?
7
What is the hundreds digit of 63946?
9
What is the thousands digit of 51002?
1
What is the thousands digit of 6369?
6
What is the thousands digit of 63690?
3
What is the tens digit of 90537?
3
What is the hundreds digit of 164?
1
What is the thousands digit of 2447?
2
What is the units digit of 44568?
8
What is the hundreds digit of 6516?
5
What is the units digit of 4209?
9
What is the hundreds digit of 127229?
2
What is the hundreds digit of 17057?
0
What is the hundreds digit of 4126?
1
What is the tens digit of 390?
9
What is the tens digit of 1696?
9
What is the tens digit of 2209?
0
What is the units digit of 4917?
7
What is the hundred thousands digit of 124447?
1
What is the ten thousands digit of 85926?
8
What is the units digit of 100?
0
What is the thousands digit of 6440?
6
What is the thousands digit of 5673?
5
What is the units digit of 66212?
2
What is the tens digit of 20487?
8
What is the tens digit of 16172?
7
What is the units digit of 1794?
4
What is the hundreds digit of 11557?
5
What is the ten thousands digit of 38809?
3
What is the tens digit of 16933?
3
What is the units digit of 7613?
3
What is the thousands digit of 17110?
7
What is the thousands digit of 13636?
3
What is the units digit of 5385?
5
What is the thousands digit of 1141?
1
What is the hundreds digit of 63248?
2
What is the units digit of 733?
3
What is the units digit of 4478?
8
What is the units digit of 3845?
5
What is the hundreds digit of 956?
9
What is the tens digit of 40119?
1
What is the tens digit of 10517?
1
What is the tens digit of 10986?
8
What is the tens digit of 8256?
5
What is the hundreds digit of 12322?
3
What is the thousands digit of 1955?
1
What is the tens digit of 4190?
9
What is the tens digit of 502?
0
What is the units digit of 5462?
2
What is the hundreds digit of 24719?
7
What is the hundreds digit of 1034?
0
What is the units digit of 13434?
4
What is the hundreds digit of 486?
4
What is the tens digit of 8760?
6
What is the hundreds digit of 1888?
8
What is the ten thousands digit of 45337?
4
What is the thousands digit of 1904?
1
What is the tens digit of 13016?
1
What is the tens digit of 51036?
3
What is the tens digit of 1690?
9
What is the tens digit of 1691?
9
What is the units digit of 26181?
1
What is the units digit of 1799?
9
What is the hundreds digit of 885?
8
What is the ten thousands digit of 94089?
9
What is the thousands digit of 25559?
5
What is the hundreds digit of 80668?
6
What is the tens digit of 1758?
5
What is the tens digit of 2909?
0
What is the tens digit of 339?
3
What is the units digit of 38460?
0
What is the hundreds digit of 6526?
5
What is the hundreds digit of 5980?
9
What is the tens digit of 13616?
1
What is the units digit of 10092?
2
What is the thousands digit of 19360?
9
What is the thousands digit of 7097?
7
What is the tens digit of 1362?
6
What is the thousands digit of 1585?
1
What is the hundreds digit of 70135?
1
What is the tens digit of 120?
2
What is the units digit of 4221?
1
What is the tens digit of 684?
8
What is the hundreds digit of 1828?
8
What is the units digit of 5664?
4
What is the units digit of 505?
5
What is the units digit of 39634?
4
What is the thousands digit of 2221?
2
What is the thousands digit of 1554?
1
What is the units digit of 2053?
3
What is the 